
Is 83080 a multiple of 4?
True
Is 252 a factor of 337822?
False
Is 343 a factor of 153763?
False
Is 144076 a multiple of 181?
True
Is 4805314 a multiple of 23?
False
Is 554527 a multiple of 498?
False
Is 105975 a multiple of 25?
True
Is 21998808 a multiple of 13?
True
Is 39 a factor of 18771357?
False
Does 126 divide 108612?
True
Is 1088 a factor of 9326884?
False
Does 7 divide 220038?
True
Is 4522912 a multiple of 19?
True
Does 100 divide 151211?
False
Is 3490058 a multiple of 11?
True
Is 353 a factor of 138376?
True
Is 68735 a multiple of 39?
False
Is 29399992 a multiple of 42?
False
Does 406 divide 233856?
True
Is 7472386 a multiple of 227?
True
Is 342183 a multiple of 12?
False
Is 433 a factor of 1481293?
True
Is 11486007 a multiple of 13?
True
Is 87 a factor of 4429084?
False
Is 80785 a multiple of 107?
True
Is 622032 a multiple of 12?
True
Is 236 a factor of 2557752?
False
Is 463365 a multiple of 9?
True
Does 60 divide 712980?
True
Is 227449 a multiple of 19?
True
Is 294088 a multiple of 53?
False
Does 63 divide 112758?
False
Is 447963 a multiple of 551?
True
Is 248 a factor of 193688?
True
Is 775 a factor of 187550?
True
Is 1058475 a multiple of 33?
True
Does 752 divide 346672?
True
Is 3572237 a multiple of 11?
False
Does 150 divide 16848150?
True
Is 13 a factor of 206183?
False
Is 905 a factor of 1697577?
False
Is 9 a factor of 4559840?
False
Does 10 divide 246141?
False
Is 2715594 a multiple of 57?
True
Does 434 divide 1282024?
False
Does 95 divide 678490?
True
Is 434880 a multiple of 199?
False
Does 34 divide 842096?
False
Is 144323 a multiple of 12?
False
Does 756 divide 279720?
True
Does 440 divide 109120?
True
Does 1305 divide 3059661?
False
Is 381073 a multiple of 539?
True
Is 363 a factor of 406208?
False
Is 150298 a multiple of 83?
False
Does 48 divide 2173152?
True
Is 303 a factor of 294346?
False
Is 44964 a multiple of 48?
False
Is 1449780 a multiple of 20?
True
Does 81 divide 481304?
False
Does 15 divide 847496?
False
Does 24 divide 2478528?
True
Is 549668 a multiple of 268?
True
Is 3262215 a multiple of 85?
True
Is 71 a factor of 479676?
True
Does 15 divide 58794?
False
Is 78 a factor of 645216?
True
Is 133 a factor of 1152319?
False
Does 107 divide 764836?
True
Is 367 a factor of 5756762?
True
Is 130 a factor of 100623?
False
Is 10628800 a multiple of 35?
True
Is 325130 a multiple of 127?
False
Is 6437136 a multiple of 59?
True
Is 13934424 a multiple of 168?
True
Is 12 a factor of 1109178?
False
Does 7 divide 25676?
True
Is 18 a factor of 605682?
True
Is 245685 a multiple of 146?
False
Is 56890 a multiple of 18?
False
Is 114420 a multiple of 15?
True
Is 3619744 a multiple of 15?
False
Does 863 divide 15204334?
True
Is 560 a factor of 10346241?
False
Is 216410 a multiple of 10?
True
Does 429 divide 691393?
False
Is 170 a factor of 512550?
True
Is 70 a factor of 4541104?
False
Is 724935 a multiple of 31?
True
Does 76 divide 80560?
True
Is 48 a factor of 412032?
True
Is 16059381 a multiple of 13?
True
Is 1268 a factor of 930028?
False
Does 11 divide 369863?
False
Does 358 divide 437118?
True
Is 12 a factor of 2423313?
False
Does 81 divide 633451?
False
Does 236 divide 67260?
True
Does 48 divide 33103?
False
Is 1521 a multiple of 5?
False
Is 65 a factor of 34677?
False
Does 171 divide 342171?
True
Is 555 a factor of 845820?
True
Does 37 divide 3662778?
True
Is 163 a factor of 10671773?
True
Does 100 divide 63314?
False
Is 12 a factor of 6044?
False
Is 411197 a multiple of 139?
False
Is 1531235 a multiple of 839?
False
Is 29664 a multiple of 18?
True
Is 832 a factor of 141425?
False
Does 95 divide 16815?
True
Is 684 a factor of 1463789?
False
Is 956 a factor of 19044230?
False
Does 20 divide 583180?
True
Is 346 a factor of 1613454?
False
Does 9 divide 80625?
False
Is 26754 a multiple of 39?
True
Is 26 a factor of 67000?
False
Is 4458167 a multiple of 84?
False
Is 664956 a multiple of 9?
True
Is 145 a factor of 6498571?
False
Does 357 divide 260253?
True
Is 52 a factor of 370815?
False
Is 138049 a multiple of 48?
False
Is 734 a factor of 1554612?
True
Does 8 divide 1215440?
True
Is 218268 a multiple of 27?
True
Is 2073933 a multiple of 184?
False
Does 120 divide 825464?
False
Does 37 divide 500129?
True
Is 19721 a multiple of 13?
True
Is 1515322 a multiple of 8?
False
Is 141 a factor of 210363?
False
Is 45 a factor of 280305?
True
Does 29 divide 1523863?
True
Does 732 divide 9897487?
False
Does 49 divide 3132745?
False
Does 7 divide 6972215?
False
Is 5342370 a multiple of 28?
False
Is 5 a factor of 2392620?
True
Does 98 divide 217266?
True
Is 102 a factor of 91188?
True
Does 91 divide 379758?
False
Is 17388 a multiple of 138?
True
Does 79 divide 27729?
True
Is 90 a factor of 43920?
True
Does 58 divide 23734936?
False
Does 99 divide 11142859?
False
Does 475 divide 119700?
True
Does 11 divide 516087?
True
Is 164 a factor of 49884?
False
Is 2767625 a multiple of 5?
True
Is 57 a factor of 21831?
True
Is 2809492 a multiple of 266?
True
Is 130 a factor of 3954277?
False
Does 5 divide 96400?
True
Does 22 divide 1587564?
True
Is 13 a factor of 5199?
False
Is 485283 a multiple of 8?
False
Is 28 a factor of 197421?
False
Is 410601 a multiple of 351?
False
Does 627 divide 252987?
False
Is 260 a factor of 5480280?
True
Is 220 a factor of 5894900?
True
Is 116 a factor of 2452588?
True
Is 125 a factor of 91510?
False
Does 25 divide 488750?
True
Is 21 a factor of 9742680?
False
Is 99712 a multiple of 306?
False
Does 216 divide 10174896?
True
Is 469302 a multiple of 258?
True
Is 25 a factor of 5542206?
False
Is 6 a factor of 4923174?
True
Does 17 divide 7116?
False
Does 2 divide 24062?
True
Does 13 divide 84852?
False
Is 38 a factor of 341506?
True
Is 33 a factor of 3784539?
True
Does 86 divide 2370590?
True
Does 103 divide 103108?
False
Is 153 a factor of 206247?
False
Is 166612 a multiple of 23?
True
Is 68342 a multiple of 27?
False
Is 117 a factor of 487580?
False
Is 939241 a multiple of 44?
False
Is 641706 a multiple of 39?
True
Is 459850 a multiple of 85?
True
Is 25333 a multiple of 99?
False
Is 15957515 a multiple of 61?
False
Does 401 divide 1036834?
False
Is 1933243 a multiple of 198?
False
Is 5532540 a multiple of 78?
True
Does 105 divide 220623?
False
Is 56166 a multiple of 61?
False
Is 801090 a multiple of 10?
True
Does 30 divide 827045?
False
Is 184 a factor of 1118964?
False
Does 8 divide 1994480?
True
Is 52 a factor of 78052?
True
Is 4031860 a multiple of 7?
True
Is 62004 a multiple of 351?
False
Is 550 a factor of 5490428?
False
Is 10 a factor of 274550?
True
Is 63908 a multiple of 52?
True
Does 13 divide 243527?
False
Is 72 a factor of 3753660?
False
Is 30 a factor of 14829870?
True
Is 98 a factor of 2933705?
False
Does 153 divide 157743?
True
Is 150304 a multiple of 71?
False
Is 1553395 a multiple of 335?
True
Does 42 divide 149675?
False
Is 49192 a multiple of 26?
True
Is 17568 a multiple of 18?
True
Is 414 a factor of 22787388?
True
Is 154620 a multiple of 54?
False
Is 7900535 a multiple of 9?
False
Is 133541 a multiple of 9?
False
Does 98 divide 24500?
True
Does 65 divide 5750075?
False
Does 2 divide 2167157?
False
Is 20 a factor of 551860?
True
Does 810 divide 667162?
False
Is 28 a factor of 533514?
False
Is 17 a factor of 481200?
False
Is 1102464 a multiple of 64?
True
Does 62 divide 216340?
False
Does 2 divide 292431?
False
Is 76 a factor of 1068259?
False
Does 15 divide 2865?
True
Does 801 divide 1509028?
False
Is 40 a factor of 3051480?
True
Does 102 divide 5083149?
False
Is 181302 a multiple of 28?
False
Is 217037 a multiple of 582?
False
Is 232082 a multiple of 143?
False
Is 17 a factor of 13073845?
False
Is 502110 a multiple of 63?
True
Is 192 a factor of 416219?
False
Is 240 a factor of 134421?
False
Is 604450 a multiple of 35?
True
Does 9 divide 56444?
False
Is 508489 a multiple of 300?
False
Is 15 a factor of 173205?
True
Is 173432 a multiple of 152?
True
Is 9450 a multiple of 75?
True
Does 7 divide 270860?
False
Is 9362684 a multiple of 185?
False
Is 66 a factor of 2851662?
True
Does 33 divide 219936?
False
Is 60 a factor of 49380?
True
Is 126990 a multiple of 9?
True
Is 820313 a multiple of 495?
False
Is 1662570 a multiple of 203?
True
Is 30 a factor of 1205296?
False
Does 32 divide 77952?
True
Is 3601 a m